+ 4 = 5*p. What is the units digit of p?
2
Suppose 0 = -6*o + 5*o. Suppose 50 + o = 2*k. What is the tens digit of k?
2
Let r = -24 - -11. Let x = 29 + r. What is the units digit of (x/6)/((-2)/(-3))?
4
Suppose -335 = -3*g + 5*r, -5*g - 2*r + 517 = -0*r. What is the hundreds digit of g?
1
Let q(x) = -x**3 - x**2 + 2*x + 3. Let m be q(-2). Suppose v + m*v = -16. Let u(i) = i**2 + 2*i - 1. What is the units digit of u(v)?
7
Suppose 3*t - 40 = -5*j, -5*j = -3*t - 2*t. Let s(m) = m + 1. Let v be s(j). What is the units digit of v/3 - 16/(-2)?
0
Suppose -2*g - 3*c = -8*c - 29, g - c - 7 = 0. Let o be ((-1)/2)/((-2)/8). Suppose 4*j + o*x = -x + 19, -5*x + 23 = -g*j. What is the units digit of j?
1
Suppose -3*v + 72 = -2*j, -3*j + 86 = 5*v - 15. Let q = v - -2. Suppose 5*f + 21 = 2*b - 7, 2*b = 3*f + q. What is the units digit of b?
9
Suppose -2*x + 3*b + 245 = 0, -5*x + 324 = b - 246. What is the units digit of x?
5
Let w = 0 - -2. Suppose 0 = w*s - s - 3. Let l = -2 + s. What is the units digit of l?
1
Suppose -2*f = f + 6. Let v(c) = -c**3 + 2*c**2 - 2*c - 1. What is the tens digit of v(f)?
1
What is the tens digit of (-410)/4*1*(-56)/35?
6
Let f(v) = -v**2 + 7*v - 7. Let b be f(5). Let t = b + 3. Let a(x) = x**2 - 7*x + 9. What is the units digit of a(t)?
3
Let m(r) = r**2 - 4*r + 0*r + r + 3. Suppose -3*h - n + 16 = 0, n + 4*n = 5. What is the units digit of m(h)?
3
Let x = -11 - -4. Let r = -2 - x. What is the units digit of r?
5
Let h(t) = -t + 8. Let b be h(6). Suppose k - p = -1 + 3, k = 4*p + 2. Suppose -b = -4*y + k. What is the units digit of y?
1
Suppose c - 2*i = -2*c + 12, 2*i = 2*c - 6. Let z(j) = -4 + 0*j + 3*j + 3 - 2*j. What is the units digit of z(c)?
5
Suppose 0 = 5*q - 11 - 39. Let w = q + -6. Suppose -b = 2*b - w*y - 63, b = -3*y + 8. What is the tens digit of b?
1
Let h = 34 + 29. What is the tens digit of h?
6
Let v(r) = 2*r**2 + 5*r - 3. Let s be 7 + -4 + -8*1. What is the units digit of v(s)?
2
Suppose 0 = 3*g - 4*h - 38, -4*g + 3*h = -2*g - 27. Suppose 4 - 9 = -5*r. Let c = r + g. What is the units digit of c?
7
Suppose 0*y + 2274 = 6*y. What is the tens digit of y?
7
Let d(a) = 3*a + 11. What is the units digit of d(10)?
1
Let y(n) = 4*n**2 + 4*n - 3. What is the units digit of y(3)?
5
Suppose 0*s + 28 = 5*n + 3*s, 0 = -5*n + 3*s + 22. Suppose 8*r = 6*r + 8. Suppose -r*m + 5*m = 3, 0 = n*b + 4*m - 47. What is the units digit of b?
7
Suppose 2*w - 87 - 47 = 5*t, -2*w + 134 = 3*t. What is the units digit of w?
7
Let o(j) = 5*j**2 - 3*j + 2. Let a be o(2). Suppose -39 - a = -5*n. Let l = 16 - n. What is the units digit of l?
5
Let c = 13 + -10. Suppose 19 = c*l - 23. What is the units digit of l?
4
Suppose -n + 5*f = -239, 4*n - f - 1004 = 3*f. What is the tens digit of n?
5
Let h(a) = -a**3 - 4*a**2 - 7*a - 9. Let m be h(-4). Suppose -m + 1 = -l. What is the units digit of l?
8
Suppose -3*m + 9 + 3 = 0. Suppose -m*w = -5*c + 4*c + 23, -3*c + w + 58 = 0. What is the units digit of c?
9
Let t be 3/(-9) + (-26)/(-6). Suppose -2*l + 5*i = 26, -t*l + 4 = i + 3*i. What is the units digit of l/(-12)*2*2?
1
Let q = 6 + -26. What is the units digit of q/(-4 + 2) - -2?
2
What is the units digit of 8/12 + (-336)/(-9)?
8
Let t(i) = -i - 1. Let h be t(-3). Let o = 5 - h. What is the units digit of o?
3
Let r be 31 + 9/(-4 + 1). Suppose -3*s = -s - r. What is the tens digit of s?
1
Suppose 5*d = 58 + 62. Let s = -8 + d. Let n = s - 8. What is the units digit of n?
8
Let x be (-16)/6 - 7/21. Let t = 5 + x. What is the units digit of t/2 - 3/(-3)?
2
Let y(k) = -11*k**2 + 2*k - 6. Let a be y(-5). Let o be a/15 - (-3)/(-5). What is the units digit of ((-45)/o)/(2/8)?
9
Let s be 8/6*165/(-22). Let g(x) = x**3 + 10*x**2 - 2*x - 4. What is the units digit of g(s)?
6
Suppose -2*f + 0*f + 6 = 0. Suppose -p = f*p - 48. What is the units digit of p?
2
Let x = 3 - -17. Suppose -6*m = -m - y - x, 2*m - 8 = 2*y. What is the units digit of (0 + 4)*7/m?
7
Let y = 5 + 14. Suppose -3*p - 27 = -3*l, -4*l + 5*p + 20 = -y. Suppose 0 = -11*a + l*a + h + 24, a - h = 4. What is the units digit of a?
5
Let r(g) = g + 4. Let a be r(4). Suppose 5*p = -a + 78. What is the tens digit of p?
1
Let x = -5 - -51. Let u = x + -26. What is the units digit of u?
0
Suppose -5*t = -4*b + 22, 0 = -3*b + b + 2*t + 10. Suppose 8*z = b*z + 5. What is the units digit of (z + -2)*1*-4?
4
Let j = 6 + -18. What is the units digit of (-32)/j + 4/(-6)?
2
Suppose -4*q - 202 = -3*i, 74 = -0*i + i + 2*q. What is the units digit of i?
0
Let j(k) = -25*k + 24. What is the tens digit of j(-3)?
9
What is the units digit of (-3507)/(-49) - ((-12)/(-14))/(-2)?
2
Let w = -2 + 17. Suppose 5*u + 2*g = w, -5*g + 15 - 6 = 3*u. What is the units digit of u?
3
Suppose c + 13*c - 1596 = 0. What is the units digit of c?
4
Suppose 4*r - 40 = -0*r. Suppose -1 + r = f. What is the units digit of f?
9
Suppose -6*p + 12 = -10*p. Let f(z) = z**3 + 6*z**2 + 3*z - 4. What is the tens digit of f(p)?
1
What is the tens digit of (-3 - -1)/((-408)/201 - -2)?
6
Suppose 2*j - 3*x - 86 + 2 = 0, 0 = -3*x. What is the units digit of j?
2
What is the units digit of 10 + -8 - -23*1?
5
Suppose -k - 8 = -5*k. Suppose -5 = 5*h, -7*i + 28 = -k*i + 2*h. What is the units digit of i?
6
Let r(x) = 4*x**2 + 12*x - 1. What is the units digit of r(-5)?
9
Let y(r) = -2*r**3 - 3*r**2 + r + 2. What is the units digit of y(-2)?
4
Let b be 122/10 + (-4)/20. Suppose -3*g = 3*m - 2 - 1, 4*g = 4*m - b. Suppose -4*l + m = -3*l. What is the units digit of l?
2
Let f(a) = 2*a**2 - 2*a + 2. Let r be ((-5)/(-5))/(1/3). Let x be f(r). Suppose -5*p + 23 = 2*w, -w + x = p + 2*p. What is the units digit of p?
5
Suppose -5*q = 4*v - 718, 83 = 2*q + 2*v - 205. What is the hundreds digit of q?
1
Let f(u) = -u**3 + 8*u + 4. Let p = 13 - 17. What is the tens digit of f(p)?
3
Let p(o) = o**3 + 6*o**2 + 7*o + 5. What is the units digit of p(-4)?
9
Let s be 18/8 - 8/32. Suppose s*n - 7*n + 95 = 0. What is the units digit of n?
9
Suppose -93 = -2*v - 7. What is the tens digit of v?
4
What is the tens digit of (-1)/2 - 220/(-8)?
2
Suppose c = t - 1, -5 + 1 = -5*t + 4*c. Suppose t = -2*d + 6*d - 32. What is the units digit of d?
8
What is the units digit of 83 + (-2 - -4 - (-1 + 2))?
4
Let f = -23 - -38. Let j = f + -10. What is the units digit of j?
5
Let y = -23 + 140. What is the hundreds digit of y?
1
Suppose -h - 4 = -5*t, 3*h - 5*h + 22 = 5*t. Let k(n) = n**3 - 7*n**2 + 8*n - 5. What is the units digit of k(h)?
7
Let t(z) = z**3 - 8*z**2 + 2. Let b be t(8). Suppose -b*c + 3 = c. Suppose -4*f + c + 11 = 0. What is the units digit of f?
3
Suppose 1 = -2*k + 13. Suppose 2*s - k = -4*v + 24, v = 0. What is the tens digit of s?
1
Suppose -2*b + 100 = 36. What is the units digit of b?
2
Let f(k) = -k**2 + 8*k. Let l be f(7). Suppose 5*n = 5*v + 65, -v = n - l - 16. What is the units digit of n?
8
Suppose 3*k = -5*n + 28, 2*k = -2*k + n + 45. Suppose -o + 6*o = 0. Suppose -5*c + 34 + k = o. What is the units digit of c?
9
Let s = 9 + -4. What is the units digit of s?
5
Let t = -64 - -22. Let i = t - -76. What is the tens digit of i?
3
Suppose 5*n = 5*b, -2*n - b + 1 = -8. Let a(s) = 3 + 4*s - 3 - 5*s + 4. What is the units digit of a(n)?
1
Suppose -h + 5*g = -98 - 65, 0 = 4*h - 4*g - 700. What is the tens digit of h?
7
Suppose -5*z - 2*z = -245. What is the units digit of z?
5
Suppose c = -2*i + 3*c + 32, -2*c = -5*i + 83. What is the units digit of i?
7
Suppose -2*x = -i - 91, 6*x - 154 = 3*x - 2*i. What is the tens digit of x?
4
Let t = -8 - -310. What is the units digit of t?
2
Let u(d) = -d**2 - 7*d - 9. What is the units digit of u(-5)?
1
Suppose 54 = n - 5*a, -84 = -0*n - 2*n - 2*a. What is the units digit of n?
4
Suppose -x = -5*g - 34, 3*x + 3*g - 7 = -g. Suppose -o - x = -4, -3*n + 3*o + 36 = 0. What is the units digit of n?
7
Suppose y + 0*y = 19. What is the units digit of y?
9
Suppose 4*x = -8, -j + 12 = -0*x - 5*x. Let b = -1 + j. What is the units digit of b?
1
Let q(u) = -3*u + 4. Let v be q(-4). Let o = v + -1. What is the tens digit of o?
1
Suppose -32 = -p - 3*p. Suppose 0*d = d, -2*d - p = -4*t. Suppose 4*q - 8 = 0, 4*i = t*i + 4*q + 4. What is the units digit of i?
6
Suppose 0*t + t + 5 = 0. Let y be t/(-15) + 22/6. Suppose x - 5*r = 